) is divided by h?
0
Let k = 13 - -32. Calculate the remainder when k is divided by (12/5)/(27/90).
5
Suppose 159 = 42*j - 39*j. Calculate the remainder when 171 is divided by j.
12
What is the remainder when 164/6*((-54)/6 + 18) is divided by 87?
72
Suppose 2*q + 44 = 38. Let l(d) = 2 - d - d + 3*d**2 + 5*d. What is the remainder when 78 is divided by l(q)?
18
Let v be (-4)/(-3) + 4/6. Suppose -v = 2*w - 28. Let c(g) = 48*g**3 + 1. Calculate the remainder when c(1) is divided by w.
10
Suppose -171 = -2*y - 3*z - 36, -y = -3*z - 45. What is the remainder when y is divided by 18?
6
Let z be ((-8)/(-24))/((-1)/(-27)). Suppose z*x - 7*x = 14. Let r(q) = -2*q**2 + 17*q + 2. What is the remainder when r(x) is divided by 13?
10
Let y = 11 + 7. Let a(n) = 17*n**2 + 10*n - 17. What is the remainder when a(2) is divided by y?
17
Suppose 6*c - 190 = c. Calculate the remainder when c is divided by (-144)/(-10) - (-2)/(-5).
10
Let t(k) = 3*k + 21. Suppose -3 = -s - 7. What is the remainder when t(s) is divided by 3?
0
Suppose 3*w - 2 - 1 = 0. Let n be (w + 1)/((-1)/(-3)). What is the remainder when 1638/30 - n/10 is divided by 14?
12
Suppose 5*y - 27 = 23. Calculate the remainder when y is divided by (2 + 19)/(15/10) - 5.
1
Let s be -1*(-2)/(-5) - (-184)/10. Suppose -37 - s = -5*k. What is the remainder when 53 is divided by k?
9
Let s(h) = 2*h**2 + 86*h + 14. What is the remainder when 105 is divided by s(-43)?
7
Let k = -276 + 358. What is the remainder when k is divided by 17?
14
Suppose -44 = -5*m + 5*u + 156, 4*m - 145 = -u. What is the remainder when m is divided by 35?
2
Let y = 8 + 84. Let v = y + -58. Calculate the remainder when 99 is divided by v.
31
What is the remainder when ((-552)/(-16))/(11/2 - 4) is divided by 21?
2
Suppose 8*z - 1615 + 567 = 0. What is the remainder when z is divided by 15?
11
Suppose 9*q - 192 = 969. What is the remainder when q is divided by 19?
15
Let u = -8 - -13. Let s(h) = 2*h**2 + u - 5*h + 3*h - 2. Calculate the remainder when s(5) is divided by 11.
10
Let a = -187 + 234. Suppose 0 = -5*h - 2*i + 96, i + 15 = 6*i. What is the remainder when a is divided by h?
11
Let o = 19 + -11. Let l(t) = 5*t**2 + 125*t - 367. Calculate the remainder when l(-28) is divided by o.
5
Let b(k) = 2*k - 20. Let u be b(12). Suppose -3*x + u*x - 29 = 0. Let r = -10 + 66. Calculate the remainder when r is divided by x.
27
Let q(l) = -l + 1. Let t be q(-5). Let b = t - 7. Calculate the remainder when 26 is divided by 9 + (-3)/3 - b.
8
Suppose 111 = 5*r - 94. Let t = -3634 - -3656. What is the remainder when r is divided by t?
19
Let w(t) = -2*t + 1. Let l = 19 + -8. Suppose -2*d - l = 1. Calculate the remainder when 62 is divided by w(d).
10
Suppose -40 = -2*q - 4*n, -4*q - 7*n = -6*n - 66. Suppose 0 = 2*a - 28 + 8. Calculate the remainder when q is divided by a.
6
Let w(u) = -51*u - 37. What is the remainder when w(-2) is divided by 26?
13
Suppose -4*t = -2*w - 1 + 13, 3*w - 3 = t. Suppose w*a = 4*a - 312. What is the remainder when a is divided by 16?
14
Suppose 97*j + 14 = 4*o + 98*j, 0 = -j - 2. Let l(n) = 7*n**2 + n. Let h(t) = t**2 - 3*t - 1. Let q be h(3). What is the remainder when l(q) is divided by o?
2
Suppose 4*f = 128 + 76. Suppose 4*t - 25 = f. What is the remainder when 92 is divided by t?
16
Suppose -3*m = -34 + 13. Suppose 81 = d + 4*w, m*d + w = 3*d + 354. Suppose 5*b - d - 56 = 0. Calculate the remainder when 114 is divided by b.
27
Suppose 0 = -25*f + 10*f + 435. What is the remainder when 81 is divided by f?
23
Let s(k) = 5 - 13 - k + 3*k. Let p be s(6). What is the remainder when (-1068)/(-24) - (-2)/p is divided by 16?
13
Suppose 45 = -2*a + 3*a. What is the remainder when 82 is divided by a?
37
Suppose 3*v - 47 = -0*r + r, -6 = 3*r. Calculate the remainder when 38 is divided by v.
8
Let t = 31 + -21. Let k = 5 + 23. What is the remainder when k is divided by t?
8
Let g(n) = 2*n**2 - 12*n + 22. Let b be g(4). Calculate the remainder when 15 is divided by (14/b + (-9 - -6))*-12.
7
Let n(p) = 2*p - 14. Let y be n(8). What is the remainder when 31 is divided by (-3)/(-6)*y - -11?
7
Let n = 986 - 744. What is the remainder when n is divided by 27?
26
Suppose l - 15 = 2*q + 3, l = q + 18. Suppose 0 = 2*o + 4, -4*t + o + 3*o = -40. What is the remainder when (-1440)/(-42) + t/(-28) is divided by l?
16
Let w(m) be the first derivative of 7*m**3/3 - 3*m**2 + 10*m - 3. What is the remainder when w(4) is divided by 25?
23
Let k = 757 + -534. Calculate the remainder when k is divided by 45.
43
Let z = 7 + 34. Suppose 2*x + x - 37 = -4*c, -2*c + 3*x = -z. What is the remainder when c is divided by 5?
3
Let x be (-2)/(-8) - (-135)/36. Suppose 16 = -x*l, 0 = u + 7*l - 2*l - 24. What is the remainder when u is divided by 12?
8
Let f = -11 - -16. What is the remainder when 7 is divided by f/((-4)/(-5 - -1))?
2
Let y = 164 + -156. Suppose -7*f + y*f = 2. Suppose 3 = -4*k + 23. Calculate the remainder when k is divided by f.
1
Let b be (-1 + (-94)/8)/((-16)/(-64)). Let p = b - -86. What is the remainder when p is divided by 4?
3
Let q(u) = 8*u - 15. What is the remainder when 62 is divided by q(4)?
11
Let x(z) be the second derivative of z**4/12 + 5*z**3/6 + 17*z**2/2 - 32*z. What is the remainder when x(-12) is divided by ((-2)/2)/(-1) - -25?
23
Let i(y) = -y**3 - 2*y**2 - 2*y + 2. Let d = -6 + 35. Calculate the remainder when d is divided by i(-2).
5
Let h be 3*-1 - (-11 + 25). Let s = 261 + h. Let j = s + -142. Calculate the remainder when j is divided by 13.
11
Suppose 0 = 14*j - 17*j + 18. Let x(a) = a**3 - 6*a**2 + 3*a - 6. What is the remainder when x(j) is divided by 3?
0
Let h(t) = t + 4. Suppose -6 = -s - 0*s. Let b = 24 + -20. What is the remainder when h(s) is divided by b?
2
Suppose 5*w - 4*i - 28 = 0, 4*w - 4*i = 5*w - 20. Calculate the remainder when w is divided by 7.
1
Let m(t) = -t**2 - 13*t - 14. Let d be m(-12). What is the remainder when 62 is divided by (-10)/5*13/d?
10
Let k(d) = 16*d**2. Let b be (-15)/10*(-2)/3. Suppose 0 = -2*p, o - 2*o + 2*p + 6 = 0. What is the remainder when k(b) is divided by o?
4
What is the remainder when 4138/6 - 2/3 is divided by 23?
22
Suppose 3*n - 7*w - 2086 = -8*w, -w = 2*n - 1389. What is the remainder when n is divided by 14?
11
Let s(x) = -x**2 + 6*x + 5. Let p be s(6). Suppose p*y + 10 = 0, -m - 3*y = -6*y - 10. Calculate the remainder when 138/8 + 2/(-8) is divided by m.
1
Let l be 6/(-10) + 37/(-5). Suppose -2*v + 9 + 9 = 0. What is the remainder when v is divided by (6/l + 0)*-4?
0
Suppose 44 = 4*d - 0*d. Suppose -14 - 13 = -o. What is the remainder when o is divided by d?
5
Suppose -2*u - 12 + 66 = 0. Let d(p) = -p**3 + 8*p**2 + 13*p - 25. Calculate the remainder when d(8) is divided by u.
25
What is the remainder when 184 is divided by ((-1)/4)/(2/(-32))?
0
Let l = -4 + 19. Let u(c) = c**2 + 2*c + 5. Calculate the remainder when u(-6) is divided by l.
14
Let q = -536 + 587. What is the remainder when q is divided by 19?
13
Suppose -4*w + 5*a = -256, -5*a + 64 = w - 0*a. Suppose 0 = r - 5*r + w. Calculate the remainder when (-3)/(-24) + 798/r is divided by 13.
11
Let o(h) = -2*h**3 - h**2 - h + 23. Let u be o(0). Suppose 20*k - u*k + 36 = 0. Calculate the remainder when 45 is divided by k.
9
Let n(q) = q**3 + 14*q**2 + 11*q - 12. Let v = -25 - -28. Suppose 2*b = -v*b - 65. Calculate the remainder when 51 is divided by n(b).
9
Suppose 2709*w = 2706*w + 129. Calculate the remainder when 70 is divided by w.
27
Let p = -817 + 882. Calculate the remainder when 123 is divided by p.
58
Let x = -38 + 54. Suppose o + 4*j - x = 0, 0*o - 5*j = -o + 43. Calculate the remainder when 110 is divided by o.
26
Let z be (54/45)/((-6)/(-20)). Suppose 11 = z*j + 155. Calculate the remainder when 20 is divided by (-8)/j + 194/18.
9
Suppose -4*u + 5*s + 161 + 14 = 0, -5*u = 4*s - 229. Calculate the remainder when 153 is divided by u.
18
Let h(s) = -s**3 - 3*s**2 + 13*s + 57. Calculate the remainder when 114 is divided by h(-5).
30
Suppose -6*f - 12 = -8*f. Let m(d) = 3*d - 3. Let h(x) = x**3 - 6*x**2 + 6*x - 7. Calculate the remainder when h(6) is divided by m(f).
14
Let g(m) = -9*m**2 - 4*m + 2. Let n(v) = 27*v**2 + 11*v - 5. Let y(x) = 8*g(x) + 3*n(x). Calculate the remainder when y(-2